{"id":3667,"date":"2025-02-26T11:25:56","date_gmt":"2025-02-26T11:25:56","guid":{"rendered":"http:\/\/madameflihan.com\/?post_type=artist&#038;p=3667"},"modified":"2025-02-28T14:42:17","modified_gmt":"2025-02-28T14:42:17","slug":"antonio-osorio-luque","status":"publish","type":"artist","link":"https:\/\/madameflihan.com\/es\/artist\/antonio-osorio-luque\/","title":{"rendered":"Antonio Osorio Luque"},"content":{"rendered":"<p>Antonio Osorio Luque (1913-1979) naci\u00f3 en Tucum\u00e1n. Fue un destacado paisajista, conocido por su amor a la provincia de Tucum\u00e1n, a pesar de haberse radicado en Buenos Aires. Su vida y su obra estuvieron profundamente marcadas por su relaci\u00f3n con el paisaje tucumano y la vida de la zafra, temas que abord\u00f3 con gran dedicaci\u00f3n a lo largo de toda su carrera.<\/p>\n<p>A lo largo de su carrera art\u00edstica, Osorio Luque fue un pintor autodidacta que destac\u00f3 sobre todo en la d\u00e9cada de 1950. Form\u00f3 parte del movimiento impresionista del paisaje norte\u00f1o, junto con Demetrio Iramain, y se uni\u00f3 a un grupo de artistas que en los a\u00f1os treinta se rebelaron contra el academicismo predominante, buscando nuevas orientaciones est\u00e9ticas y centr\u00e1ndose en temas de la realidad circundante. Sus dotes de dibujante y su precocidad fueron admiradas por sus profesores del Colegio Franciscano, donde comenz\u00f3 a desarrollar su estilo directo y espont\u00e1neo.<\/p>\n<p>El legado de Osorio Luque se mantiene vivo en diversas exposiciones y museos. Su obra ha sido expuesta en el Centro Cultural Roug\u00e9s de la Fundaci\u00f3n Miguel Lillo, y su trabajo sigue siendo celebrado dentro de la producci\u00f3n art\u00edstica de Tucum\u00e1n. A lo largo de su carrera recibi\u00f3 numerosos premios, entre ellos el Gran Premio del Sal\u00f3n Nacional, el Premio Gobernador de la Provincia en el Sal\u00f3n de Tucum\u00e1n y el Premio Adquisici\u00f3n Ministerio de Aeron\u00e1utica en el Sal\u00f3n de Bellas Artes. Falleci\u00f3 el 12 de mayo de 1979, dejando una huella imborrable en el arte de su provincia natal.<\/p>","protected":false},"featured_media":0,"parent":0,"template":"","meta":{"_acf_changed":false,"_et_pb_use_builder":"","_et_pb_old_content":"","_et_gb_content_width":""},"artist-type":[80,74],"class_list":["post-3667","artist","type-artist","status-publish","hentry","artist-type-deceased-artist","artist-type-established-artist"],"acf":[],"_links":{"self":[{"href":"https:\/\/madameflihan.com\/es\/wp-json\/wp\/v2\/artist\/3667","targetHints":{"allow":["GET"]}}],"collection":[{"href":"https:\/\/madameflihan.com\/es\/wp-json\/wp\/v2\/artist"}],"about":[{"href":"https:\/\/madameflihan.com\/es\/wp-json\/wp\/v2\/types\/artist"}],"wp:attachment":[{"href":"https:\/\/madameflihan.com\/es\/wp-json\/wp\/v2\/media?parent=3667"}],"wp:term":[{"taxonomy":"artist-type","embeddable":true,"href":"https:\/\/madameflihan.com\/es\/wp-json\/wp\/v2\/artist-type?post=3667"}],"curies":[{"name":"wp","href":"https:\/\/api.w.org\/{rel}","templated":true}]}}

<p>Antonio Osorio Luque (1913-1979) nació en Tucumán. Fue un destacado paisajista, conocido por su amor a la provincia de Tucumán, a pesar de haberse radicado en Buenos Aires. Su vida y su obra estuvieron profundamente marcadas por su relación con el paisaje tucumano y la vida de la zafra, temas que abordó con gran dedicación a lo largo de toda su carrera.</p>
<p>A lo largo de su carrera artística, Osorio Luque fue un pintor autodidacta que destacó sobre todo en la década de 1950. Formó parte del movimiento impresionista del paisaje norteño, junto con Demetrio Iramain, y se unió a un grupo de artistas que en los años treinta se rebelaron contra el academicismo predominante, buscando nuevas orientaciones estéticas y centrándose en temas de la realidad circundante. Sus dotes de dibujante y su precocidad fueron admiradas por sus profesores del Colegio Franciscano, donde comenzó a desarrollar su estilo directo y espontáneo.</p>
<p>El legado de Osorio Luque se mantiene vivo en diversas exposiciones y museos. Su obra ha sido expuesta en el Centro Cultural Rougés de la Fundación Miguel Lillo, y su trabajo sigue siendo celebrado dentro de la producción artística de Tucumán. A lo largo de su carrera recibió numerosos premios, entre ellos el Gran Premio del Salón Nacional, el Premio Gobernador de la Provincia en el Salón de Tucumán y el Premio Adquisición Ministerio de Aeronáutica en el Salón de Bellas Artes. Falleció el 12 de mayo de 1979, dejando una huella imborrable en el arte de su provincia natal.</p>
