{"id":3757,"date":"2025-03-05T13:05:31","date_gmt":"2025-03-05T13:05:31","guid":{"rendered":"http:\/\/madameflihan.com\/?post_type=artist&#038;p=3757"},"modified":"2025-03-05T13:05:31","modified_gmt":"2025-03-05T13:05:31","slug":"alvaro-delgado","status":"publish","type":"artist","link":"https:\/\/madameflihan.com\/es\/artist\/alvaro-delgado\/","title":{"rendered":"\u00c1lvaro Delgado"},"content":{"rendered":"<p>\u00c1lvaro Delgado (1922-2016) naci\u00f3 en Madrid. Al principio curs\u00f3 estudios de empresariales, pero finalmente sigui\u00f3 su pasi\u00f3n por el arte y se matricul\u00f3 en la Escuela de Bellas Artes de Madrid. All\u00ed estudi\u00f3 bajo la direcci\u00f3n del renombrado pintor Daniel V\u00e1zquez D\u00edaz y conoci\u00f3 a artistas influyentes como Cirilo Mart\u00ednez Novillo y Luis Garc\u00eda Ochoa. Tras ingresar en la Segunda Escuela de Vallecas en 1939 y desvincularse posteriormente de ella, pas\u00f3 a formar parte de la Escuela de Madrid, donde verdaderamente se fragu\u00f3 su trayectoria art\u00edstica.<\/p>\n<p>La carrera art\u00edstica de Delgado evolucion\u00f3 desde el realismo tradicional hacia un estilo expresionista con un toque personal, profundamente influido por sus estudios en Par\u00eds, donde desarroll\u00f3 su singular enfoque de la figura humana, el paisaje, la naturaleza muerta y el retrato. A lo largo de su carrera, explor\u00f3 la descomposici\u00f3n de la forma y la distorsi\u00f3n de las im\u00e1genes en busca de una mayor expresividad, especialmente en sus paisajes, que reflejan su experiencia subjetiva de lugares como Navia (Asturias) y Olmeda (Madrid). Sus primeras obras est\u00e1n influidas por el cubismo y la tradici\u00f3n pict\u00f3rica espa\u00f1ola, pero con el tiempo la figura humana se convierte en su tema principal, a menudo en el marco de paisajes existenciales.<\/p>\n<p>A lo largo de su distinguida carrera, ha sido reconocido con numerosos y prestigiosos galardones, entre ellos la Medalla al M\u00e9rito en las Bellas Artes del Ayuntamiento de Madrid en 1991 y la Medalla de Oro en 1995. Su obra ha ocupado un lugar destacado en importantes exposiciones internacionales, como la Bienal de Venecia (1950, 1951 y 1964), la Bienal de La Habana (1954) y la Bienal de S\u00e3o Paulo (1959 y 1963). Delgado tambi\u00e9n ha expuesto individualmente en instituciones como el Museo Nacional de Arte Moderno de Madrid y el Museo Espa\u00f1ol de Arte Contempor\u00e1neo. En 1974 fue nombrado acad\u00e9mico de n\u00famero de la Real Academia de Bellas Artes de San Fernando, y en 2009 fue distinguido por su antig\u00fcedad acad\u00e9mica en la misma instituci\u00f3n.<\/p>","protected":false},"featured_media":3758,"parent":0,"template":"","meta":{"_acf_changed":false,"_et_pb_use_builder":"","_et_pb_old_content":"","_et_gb_content_width":""},"artist-type":[80,74],"class_list":["post-3757","artist","type-artist","status-publish","has-post-thumbnail","hentry","artist-type-deceased-artist","artist-type-established-artist"],"acf":[],"_links":{"self":[{"href":"https:\/\/madameflihan.com\/es\/wp-json\/wp\/v2\/artist\/3757","targetHints":{"allow":["GET"]}}],"collection":[{"href":"https:\/\/madameflihan.com\/es\/wp-json\/wp\/v2\/artist"}],"about":[{"href":"https:\/\/madameflihan.com\/es\/wp-json\/wp\/v2\/types\/artist"}],"wp:featuredmedia":[{"embeddable":true,"href":"https:\/\/madameflihan.com\/es\/wp-json\/wp\/v2\/media\/3758"}],"wp:attachment":[{"href":"https:\/\/madameflihan.com\/es\/wp-json\/wp\/v2\/media?parent=3757"}],"wp:term":[{"taxonomy":"artist-type","embeddable":true,"href":"https:\/\/madameflihan.com\/es\/wp-json\/wp\/v2\/artist-type?post=3757"}],"curies":[{"name":"wp","href":"https:\/\/api.w.org\/{rel}","templated":true}]}}

Álvaro Delgado

<p>Álvaro Delgado (1922-2016) nació en Madrid. Al principio cursó estudios de empresariales, pero finalmente siguió su pasión por el arte y se matriculó en la Escuela de Bellas Artes de Madrid. Allí estudió bajo la dirección del renombrado pintor Daniel Vázquez Díaz y conoció a artistas influyentes como Cirilo Martínez Novillo y Luis García Ochoa. Tras ingresar en la Segunda Escuela de Vallecas en 1939 y desvincularse posteriormente de ella, pasó a formar parte de la Escuela de Madrid, donde verdaderamente se fraguó su trayectoria artística.</p>
<p>La carrera artística de Delgado evolucionó desde el realismo tradicional hacia un estilo expresionista con un toque personal, profundamente influido por sus estudios en París, donde desarrolló su singular enfoque de la figura humana, el paisaje, la naturaleza muerta y el retrato. A lo largo de su carrera, exploró la descomposición de la forma y la distorsión de las imágenes en busca de una mayor expresividad, especialmente en sus paisajes, que reflejan su experiencia subjetiva de lugares como Navia (Asturias) y Olmeda (Madrid). Sus primeras obras están influidas por el cubismo y la tradición pictórica española, pero con el tiempo la figura humana se convierte en su tema principal, a menudo en el marco de paisajes existenciales.</p>
<p>A lo largo de su distinguida carrera, ha sido reconocido con numerosos y prestigiosos galardones, entre ellos la Medalla al Mérito en las Bellas Artes del Ayuntamiento de Madrid en 1991 y la Medalla de Oro en 1995. Su obra ha ocupado un lugar destacado en importantes exposiciones internacionales, como la Bienal de Venecia (1950, 1951 y 1964), la Bienal de La Habana (1954) y la Bienal de São Paulo (1959 y 1963). Delgado también ha expuesto individualmente en instituciones como el Museo Nacional de Arte Moderno de Madrid y el Museo Español de Arte Contemporáneo. En 1974 fue nombrado académico de número de la Real Academia de Bellas Artes de San Fernando, y en 2009 fue distinguido por su antigüedad académica en la misma institución.</p>
