{"id":4383,"date":"2025-03-27T15:58:41","date_gmt":"2025-03-27T15:58:41","guid":{"rendered":"http:\/\/madameflihan.com\/?post_type=artist&#038;p=4383"},"modified":"2025-03-27T18:08:34","modified_gmt":"2025-03-27T18:08:34","slug":"blanca-orozco","status":"publish","type":"artist","link":"https:\/\/madameflihan.com\/es\/artist\/blanca-orozco\/","title":{"rendered":"Blanca Orozco"},"content":{"rendered":"<p>Blanca Orozco (1977) es una consumada artista espa\u00f1ola. Se licenci\u00f3 en Bellas Artes por la Universidad de Sevilla en 1999. Conocida por sus obras de t\u00e9cnica mixta, Orozco crea a menudo sobre madera, mezclando la figuraci\u00f3n con una forma l\u00edrica de abstracci\u00f3n. Su pr\u00e1ctica se basa en el deseo de contar historias a trav\u00e9s de sus obras de arte, a menudo dej\u00e1ndolas abiertas, lo que permite al espectador participar en la narrativa de una manera personal y reflexiva.<\/p>\n<p>La trayectoria art\u00edstica de Orozco se caracteriza por una interacci\u00f3n din\u00e1mica entre elementos l\u00fadicos y combativos, a medida que explora la intersecci\u00f3n de la pintura, la abstracci\u00f3n y la narraci\u00f3n. Sus obras se inspiran profundamente en su di\u00e1logo permanente con el mundo, a menudo intentando captar emociones y pensamientos a trav\u00e9s de una lente po\u00e9tica. A lo largo de los a\u00f1os, ha realizado numerosas exposiciones individuales, entre ellas Stote fortes in bello (2013) y Los p\u00e1jaros pintan el cielo (2012), al tiempo que ha participado en importantes exposiciones colectivas como DEARTE en Madrid (2009) e Inmigraci\u00f3n en Marruecos (2007-08). La aproximaci\u00f3n de Orozco a la pintura ha estado marcada por su creencia en su inherente combatividad, aline\u00e1ndose con la idea de Lucio Mu\u00f1oz de que \"la pintura es una lucha en la que puede pasar cualquier cosa.\"<\/p>\n<p>Su obra ha sido expuesta en diversas galer\u00edas y espacios de prestigio, tanto a nivel nacional como internacional. Sus exposiciones individuales incluyen lugares prominentes como el Castillo Guzm\u00e1n el Bueno en Tarifa, C\u00e1diz (2013) y Galer\u00eda Nando Arg\u00fcelles Art Projects en Sotogrande, C\u00e1diz (2012). Sus exposiciones colectivas se han presentado en varias ciudades del mundo, como Mil\u00e1n, Estambul y Par\u00eds. Orozco tambi\u00e9n ha participado en importantes ferias de arte como Feria de Arte Contempor\u00e1neo en Marbella (2005) y J\u00f3venes Artistas en La L\u00ednea, C\u00e1diz (2007). Adem\u00e1s de sus exposiciones art\u00edsticas, Orozco ha cofundado recientemente un espacio de arte en Sotogrande, destinado a promover artistas emergentes y fomentar los intercambios art\u00edsticos globales.<\/p>","protected":false},"featured_media":4384,"parent":0,"template":"","meta":{"_acf_changed":false,"_et_pb_use_builder":"","_et_pb_old_content":"","_et_gb_content_width":""},"artist-type":[74,76],"class_list":["post-4383","artist","type-artist","status-publish","has-post-thumbnail","hentry","artist-type-established-artist","artist-type-living-artist"],"acf":[],"_links":{"self":[{"href":"https:\/\/madameflihan.com\/es\/wp-json\/wp\/v2\/artist\/4383","targetHints":{"allow":["GET"]}}],"collection":[{"href":"https:\/\/madameflihan.com\/es\/wp-json\/wp\/v2\/artist"}],"about":[{"href":"https:\/\/madameflihan.com\/es\/wp-json\/wp\/v2\/types\/artist"}],"wp:featuredmedia":[{"embeddable":true,"href":"https:\/\/madameflihan.com\/es\/wp-json\/wp\/v2\/media\/4384"}],"wp:attachment":[{"href":"https:\/\/madameflihan.com\/es\/wp-json\/wp\/v2\/media?parent=4383"}],"wp:term":[{"taxonomy":"artist-type","embeddable":true,"href":"https:\/\/madameflihan.com\/es\/wp-json\/wp\/v2\/artist-type?post=4383"}],"curies":[{"name":"wp","href":"https:\/\/api.w.org\/{rel}","templated":true}]}}

<p>Blanca Orozco (1977) es una consumada artista española. Se licenció en Bellas Artes por la Universidad de Sevilla en 1999. Conocida por sus obras de técnica mixta, Orozco crea a menudo sobre madera, mezclando la figuración con una forma lírica de abstracción. Su práctica se basa en el deseo de contar historias a través de sus obras de arte, a menudo dejándolas abiertas, lo que permite al espectador participar en la narrativa de una manera personal y reflexiva.</p>
<p>La trayectoria artística de Orozco se caracteriza por una interacción dinámica entre elementos lúdicos y combativos, a medida que explora la intersección de la pintura, la abstracción y la narración. Sus obras se inspiran profundamente en su diálogo permanente con el mundo, a menudo intentando captar emociones y pensamientos a través de una lente poética. A lo largo de los años, ha realizado numerosas exposiciones individuales, entre ellas Stote fortes in bello (2013) y Los pájaros pintan el cielo (2012), al tiempo que ha participado en importantes exposiciones colectivas como DEARTE en Madrid (2009) e Inmigración en Marruecos (2007-08). La aproximación de Orozco a la pintura ha estado marcada por su creencia en su inherente combatividad, alineándose con la idea de Lucio Muñoz de que "la pintura es una lucha en la que puede pasar cualquier cosa."</p>
<p>Su obra ha sido expuesta en diversas galerías y espacios de prestigio, tanto a nivel nacional como internacional. Sus exposiciones individuales incluyen lugares prominentes como el Castillo Guzmán el Bueno en Tarifa, Cádiz (2013) y Galería Nando Argüelles Art Projects en Sotogrande, Cádiz (2012). Sus exposiciones colectivas se han presentado en varias ciudades del mundo, como Milán, Estambul y París. Orozco también ha participado en importantes ferias de arte como Feria de Arte Contemporáneo en Marbella (2005) y Jóvenes Artistas en La Línea, Cádiz (2007). Además de sus exposiciones artísticas, Orozco ha cofundado recientemente un espacio de arte en Sotogrande, destinado a promover artistas emergentes y fomentar los intercambios artísticos globales.</p>
