{"id":4401,"date":"2025-03-28T15:14:31","date_gmt":"2025-03-28T15:14:31","guid":{"rendered":"http:\/\/madameflihan.com\/?post_type=artist&#038;p=4401"},"modified":"2025-03-28T15:14:31","modified_gmt":"2025-03-28T15:14:31","slug":"miguel-barbero","status":"publish","type":"artist","link":"https:\/\/madameflihan.com\/es\/artist\/miguel-barbero\/","title":{"rendered":"Miguel Barbero"},"content":{"rendered":"<p>Miguel Barbero (1953) naci\u00f3 en Hinojosa del Duque, C\u00f3rdoba. Desde los 11 a\u00f1os vive en Madrid, donde descubre su pasi\u00f3n por la pintura visitando museos y salas de exposiciones desde muy temprana edad. Su inter\u00e9s por el arte le llev\u00f3 a estudiar dibujo y pintura, y m\u00e1s tarde, a asistir al C\u00edrculo de Bellas Artes de Madrid para estudiar dibujo del natural.<\/p>\n<p>A lo largo de su carrera art\u00edstica ha desarrollado una destacada trayectoria como pintor. Realiz\u00f3 su primera exposici\u00f3n en Toledo en 1977, y desde entonces ha mantenido una prol\u00edfica carrera, participando en numerosas muestras y cert\u00e1menes nacionales de pintura. Ha expuesto en diversas ciudades espa\u00f1olas, como Toledo, Talavera de la Reina, C\u00f3rdoba, Oviedo, Bilbao, Granada, Zaragoza y Madrid, entre otras. Adem\u00e1s de su actividad expositiva, ha sido reconocido por su dedicaci\u00f3n al arte, siendo mencionado en importantes publicaciones especializadas como El Punto de las Artes, ABC y Revista Goya, entre otras.<\/p>\n<p>La obra de Miguel Barbero est\u00e1 representada en importantes museos y colecciones tanto nacionales como internacionales. Entre los espacios expositivos m\u00e1s destacados se encuentran el Museo de Arte Contempor\u00e1neo de M\u00f3stoles (Madrid), el Museo de Arte Contempor\u00e1neo de Osaka (Jap\u00f3n), el Museo Ponce de San Juan de Puerto Rico y la Fundaci\u00f3n Doctor Tejerina de Madrid. Sus obras tambi\u00e9n forman parte de colecciones como la Casa de Alba (Madrid), varias colecciones de cajas de ahorros y el Excmo. Ayuntamiento de Madrid, entre otras. A lo largo de su carrera ha participado en ferias y exposiciones internacionales como Arte Santander, Arte Actual (Madrid) e Interarte (Valencia), consolidando su presencia en el mundo del arte contempor\u00e1neo.<\/p>","protected":false},"featured_media":0,"parent":0,"template":"","meta":{"_acf_changed":false,"_et_pb_use_builder":"","_et_pb_old_content":"","_et_gb_content_width":""},"artist-type":[74,76],"class_list":["post-4401","artist","type-artist","status-publish","hentry","artist-type-established-artist","artist-type-living-artist"],"acf":[],"_links":{"self":[{"href":"https:\/\/madameflihan.com\/es\/wp-json\/wp\/v2\/artist\/4401","targetHints":{"allow":["GET"]}}],"collection":[{"href":"https:\/\/madameflihan.com\/es\/wp-json\/wp\/v2\/artist"}],"about":[{"href":"https:\/\/madameflihan.com\/es\/wp-json\/wp\/v2\/types\/artist"}],"wp:attachment":[{"href":"https:\/\/madameflihan.com\/es\/wp-json\/wp\/v2\/media?parent=4401"}],"wp:term":[{"taxonomy":"artist-type","embeddable":true,"href":"https:\/\/madameflihan.com\/es\/wp-json\/wp\/v2\/artist-type?post=4401"}],"curies":[{"name":"wp","href":"https:\/\/api.w.org\/{rel}","templated":true}]}}

<p>Miguel Barbero (1953) nació en Hinojosa del Duque, Córdoba. Desde los 11 años vive en Madrid, donde descubre su pasión por la pintura visitando museos y salas de exposiciones desde muy temprana edad. Su interés por el arte le llevó a estudiar dibujo y pintura, y más tarde, a asistir al Círculo de Bellas Artes de Madrid para estudiar dibujo del natural.</p>
<p>A lo largo de su carrera artística ha desarrollado una destacada trayectoria como pintor. Realizó su primera exposición en Toledo en 1977, y desde entonces ha mantenido una prolífica carrera, participando en numerosas muestras y certámenes nacionales de pintura. Ha expuesto en diversas ciudades españolas, como Toledo, Talavera de la Reina, Córdoba, Oviedo, Bilbao, Granada, Zaragoza y Madrid, entre otras. Además de su actividad expositiva, ha sido reconocido por su dedicación al arte, siendo mencionado en importantes publicaciones especializadas como El Punto de las Artes, ABC y Revista Goya, entre otras.</p>
<p>La obra de Miguel Barbero está representada en importantes museos y colecciones tanto nacionales como internacionales. Entre los espacios expositivos más destacados se encuentran el Museo de Arte Contemporáneo de Móstoles (Madrid), el Museo de Arte Contemporáneo de Osaka (Japón), el Museo Ponce de San Juan de Puerto Rico y la Fundación Doctor Tejerina de Madrid. Sus obras también forman parte de colecciones como la Casa de Alba (Madrid), varias colecciones de cajas de ahorros y el Excmo. Ayuntamiento de Madrid, entre otras. A lo largo de su carrera ha participado en ferias y exposiciones internacionales como Arte Santander, Arte Actual (Madrid) e Interarte (Valencia), consolidando su presencia en el mundo del arte contemporáneo.</p>
