{"id":707,"date":"2024-12-07T12:44:47","date_gmt":"2024-12-07T11:44:47","guid":{"rendered":"http:\/\/madameflihan.com\/?post_type=artist&#038;p=707"},"modified":"2026-02-13T12:18:31","modified_gmt":"2026-02-13T12:18:31","slug":"eusebio-sempere","status":"publish","type":"artist","link":"https:\/\/madameflihan.com\/es\/artist\/eusebio-sempere\/","title":{"rendered":"Eusebio Sempere"},"content":{"rendered":"<p class=\"wp-block-paragraph\">Eusebio Sempere (1923-1985) fue una figura central en el desarrollo de la abstracci\u00f3n geom\u00e9trica en la Espa\u00f1a de la posguerra. Formado en Valencia y marcado por sus a\u00f1os de formaci\u00f3n en Par\u00eds, se comprometi\u00f3 profundamente con el constructivismo, el arte cin\u00e9tico y la vanguardia europea.<\/p>\n\n\n\n<p class=\"wp-block-paragraph\">Su obra se caracteriza por una rigurosa exploraci\u00f3n de la luz, el ritmo y la percepci\u00f3n a trav\u00e9s de l\u00edneas precisas, estructuras geom\u00e9tricas y vibraci\u00f3n crom\u00e1tica. A trav\u00e9s de la pintura, el relieve, el grabado y la escultura, Sempere ha desarrollado un lenguaje visual basado en el orden y la luminosidad, que ofrece al espectador una experiencia activa y envolvente.<\/p>\n\n\n\n<p class=\"wp-block-paragraph\">Reconocido internacionalmente, su obra se ha expuesto en importantes instituciones y bienales, como la Bienal de Venecia, y forma parte de colecciones como las del Museo Reina Sof\u00eda, el Centro Pompidou y el Museo de Arte Moderno. El legado de Sempere perdura como una refinada e influyente contribuci\u00f3n a la abstracci\u00f3n del siglo XX.<\/p>\n\n\n\n<div class=\"wp-block-buttons is-layout-flex wp-block-buttons-is-layout-flex\">\n<div class=\"wp-block-button\"><a class=\"wp-block-button__link wp-element-button\" href=\"https:\/\/madameflihan.com\/es\/pongase-en-contacto-con\/\">Ponte en contacto<\/a><\/div>\n<\/div>","protected":false},"featured_media":6321,"parent":0,"template":"","meta":{"_acf_changed":false,"_et_pb_use_builder":"","_et_pb_old_content":"","_et_gb_content_width":""},"artist-type":[80,74],"class_list":["post-707","artist","type-artist","status-publish","has-post-thumbnail","hentry","artist-type-deceased-artist","artist-type-established-artist"],"acf":[],"_links":{"self":[{"href":"https:\/\/madameflihan.com\/es\/wp-json\/wp\/v2\/artist\/707","targetHints":{"allow":["GET"]}}],"collection":[{"href":"https:\/\/madameflihan.com\/es\/wp-json\/wp\/v2\/artist"}],"about":[{"href":"https:\/\/madameflihan.com\/es\/wp-json\/wp\/v2\/types\/artist"}],"wp:featuredmedia":[{"embeddable":true,"href":"https:\/\/madameflihan.com\/es\/wp-json\/wp\/v2\/media\/6321"}],"wp:attachment":[{"href":"https:\/\/madameflihan.com\/es\/wp-json\/wp\/v2\/media?parent=707"}],"wp:term":[{"taxonomy":"artist-type","embeddable":true,"href":"https:\/\/madameflihan.com\/es\/wp-json\/wp\/v2\/artist-type?post=707"}],"curies":[{"name":"wp","href":"https:\/\/api.w.org\/{rel}","templated":true}]}}

<p class="wp-block-paragraph">Eusebio Sempere (1923-1985) fue una figura central en el desarrollo de la abstracción geométrica en la España de la posguerra. Formado en Valencia y marcado por sus años de formación en París, se comprometió profundamente con el constructivismo, el arte cinético y la vanguardia europea.</p>



<p class="wp-block-paragraph">Su obra se caracteriza por una rigurosa exploración de la luz, el ritmo y la percepción a través de líneas precisas, estructuras geométricas y vibración cromática. A través de la pintura, el relieve, el grabado y la escultura, Sempere ha desarrollado un lenguaje visual basado en el orden y la luminosidad, que ofrece al espectador una experiencia activa y envolvente.</p>



<p class="wp-block-paragraph">Reconocido internacionalmente, su obra se ha expuesto en importantes instituciones y bienales, como la Bienal de Venecia, y forma parte de colecciones como las del Museo Reina Sofía, el Centro Pompidou y el Museo de Arte Moderno. El legado de Sempere perdura como una refinada e influyente contribución a la abstracción del siglo XX.</p>



<div class="wp-block-buttons is-layout-flex wp-block-buttons-is-layout-flex">
<div class="wp-block-button"><a class="wp-block-button__link wp-element-button" href="https://madameflihan.com/es/pongase-en-contacto-con/">Ponte en contacto</a></div>
</div>
