{"id":2713,"date":"2025-01-24T18:29:34","date_gmt":"2025-01-24T17:29:34","guid":{"rendered":"http:\/\/madameflihan.com\/?post_type=product&#038;p=2713"},"modified":"2025-09-05T11:21:42","modified_gmt":"2025-09-05T11:21:42","slug":"conversaciones-a-tiempo","status":"publish","type":"product","link":"https:\/\/madameflihan.com\/es\/product\/conversations-in-time\/","title":{"rendered":"Conversaciones en el tiempo"},"content":{"rendered":"<p>El \u00f3leo de Juan Soler, que representa a varias figuras conversando, refleja su maestr\u00eda para captar la interacci\u00f3n y la emoci\u00f3n humanas con precisi\u00f3n y profundidad. Este cuadro es un testimonio de la evoluci\u00f3n art\u00edstica de Soler, que se inspira en sus primeras influencias de los pintores holandeses y flamencos al tiempo que incorpora sus propias sensibilidades modernas. La naturaleza figurativa de la obra permite a Soler explorar los matices de luz y sombra, realzando la sensaci\u00f3n de realismo al tiempo que deja espacio para la interpretaci\u00f3n emocional del espectador. Como en gran parte de su carrera, la obra refleja su deseo de evocar la gracia y la interacci\u00f3n humanas, invitando al espectador a reflexionar sobre los momentos sutiles pero profundos de la vida cotidiana. <\/p>","protected":false},"excerpt":{"rendered":"<p>En este \u00f3leo, Juan Soler capta la sutil din\u00e1mica de la interacci\u00f3n humana, combinando la precisi\u00f3n realista con la profundidad emocional para evocar una poderosa sensaci\u00f3n de conexi\u00f3n entre las figuras.<\/p>","protected":false},"featured_media":2741,"comment_status":"open","ping_status":"closed","template":"","meta":{"_acf_changed":false,"_et_pb_use_builder":"","_et_pb_old_content":"","_et_gb_content_width":""},"product_brand":[],"product_cat":[43],"product_tag":[],"class_list":["post-2713","product","type-product","status-publish","has-post-thumbnail","product_cat-painting","pa_art-genre-fine-art","pa_art-movement-contemporary","pa_art-movement-post-modernism","pa_availability-available-for-sale","pa_availability-available-for-viewing-by-appointment","pa_color-palette-earth-tones","pa_color-palette-multi-color","pa_color-palette-warm-tones","pa_cultural-origin-european","pa_exhibition-status-available-for-exhibition","pa_location-available-for-shipping-worldwide","pa_medium-oil-on-canvas","pa_size-large-100-cm-200-cm","pa_special-features-includes-certificate-of-authenticity","pa_special-features-limited-edition","pa_special-features-one-of-a-kind","pa_style-figurative","pa_style-realism","pa_theme-figurative","first","instock","taxable","shipping-taxable","product-type-simple"],"acf":[],"_links":{"self":[{"href":"https:\/\/madameflihan.com\/es\/wp-json\/wp\/v2\/product\/2713","targetHints":{"allow":["GET"]}}],"collection":[{"href":"https:\/\/madameflihan.com\/es\/wp-json\/wp\/v2\/product"}],"about":[{"href":"https:\/\/madameflihan.com\/es\/wp-json\/wp\/v2\/types\/product"}],"replies":[{"embeddable":true,"href":"https:\/\/madameflihan.com\/es\/wp-json\/wp\/v2\/comments?post=2713"}],"wp:featuredmedia":[{"embeddable":true,"href":"https:\/\/madameflihan.com\/es\/wp-json\/wp\/v2\/media\/2741"}],"wp:attachment":[{"href":"https:\/\/madameflihan.com\/es\/wp-json\/wp\/v2\/media?parent=2713"}],"wp:term":[{"taxonomy":"product_brand","embeddable":true,"href":"https:\/\/madameflihan.com\/es\/wp-json\/wp\/v2\/product_brand?post=2713"},{"taxonomy":"product_cat","embeddable":true,"href":"https:\/\/madameflihan.com\/es\/wp-json\/wp\/v2\/product_cat?post=2713"},{"taxonomy":"product_tag","embeddable":true,"href":"https:\/\/madameflihan.com\/es\/wp-json\/wp\/v2\/product_tag?post=2713"}],"curies":[{"name":"wp","href":"https:\/\/api.w.org\/{rel}","templated":true}]}}

<p>El óleo de Juan Soler, que representa a varias figuras conversando, refleja su maestría para captar la interacción y la emoción humanas con precisión y profundidad. Este cuadro es un testimonio de la evolución artística de Soler, que se inspira en sus primeras influencias de los pintores holandeses y flamencos al tiempo que incorpora sus propias sensibilidades modernas. La naturaleza figurativa de la obra permite a Soler explorar los matices de luz y sombra, realzando la sensación de realismo al tiempo que deja espacio para la interpretación emocional del espectador. Como en gran parte de su carrera, la obra refleja su deseo de evocar la gracia y la interacción humanas, invitando al espectador a reflexionar sobre los momentos sutiles pero profundos de la vida cotidiana. </p>

<p>En este óleo, Juan Soler capta la sutil dinámica de la interacción humana, combinando la precisión realista con la profundidad emocional para evocar una poderosa sensación de conexión entre las figuras.</p>
