{"id":3324,"date":"2025-02-06T11:01:07","date_gmt":"2025-02-06T11:01:07","guid":{"rendered":"http:\/\/madameflihan.com\/?post_type=product&#038;p=3324"},"modified":"2025-02-13T17:03:20","modified_gmt":"2025-02-13T17:03:20","slug":"evolucion-organica-2","status":"publish","type":"product","link":"https:\/\/madameflihan.com\/es\/product\/organic-evolution\/","title":{"rendered":"Evoluci\u00f3n org\u00e1nica"},"content":{"rendered":"<p><em>Evoluci\u00f3n org\u00e1nica<\/em> (1969), Vicente Vela presenta una sorprendente exploraci\u00f3n de la simetr\u00eda y la transformaci\u00f3n, elementos centrales de su estilo abstracto de posguerra. Los tonos azules dominan la composici\u00f3n, y sus gradaciones reflejan el inter\u00e9s de Vela por el equilibrio entre armon\u00eda y discordia. Este audaz gesto puede interpretarse como una met\u00e1fora del cambio, la evoluci\u00f3n o incluso el conflicto, y marca el enfoque caracter\u00edstico de Vela del expresionismo abstracto, en el que la emoci\u00f3n y el movimiento est\u00e1n integrados en el color y la forma. Del mismo modo que Vela trat\u00f3 de tender un puente entre el mundo de las bellas artes y el del dise\u00f1o, Evoluci\u00f3n Org\u00e1nica habla de la interconexi\u00f3n entre naturaleza, geometr\u00eda y expresi\u00f3n art\u00edstica, revelando su constante b\u00fasqueda por explorar y transformar los l\u00edmites de la percepci\u00f3n visual.<\/p>","protected":false},"excerpt":{"rendered":"<p>En <em>Evoluci\u00f3n org\u00e1nica<\/em> (1969), Vicente Vela combina simetr\u00eda, tonos azules din\u00e1micos y un acento rojo central para explorar temas de transformaci\u00f3n y equilibrio, reflejando su enfoque \u00fanico del expresionismo abstracto y la interacci\u00f3n entre naturaleza, geometr\u00eda y arte.<\/p>","protected":false},"featured_media":3325,"comment_status":"open","ping_status":"closed","template":"","meta":{"_acf_changed":false,"_et_pb_use_builder":"","_et_pb_old_content":"","_et_gb_content_width":""},"product_brand":[],"product_cat":[43],"product_tag":[],"class_list":["post-3324","product","type-product","status-publish","has-post-thumbnail","product_cat-painting","pa_art-genre-fine-art","pa_art-movement-post-modernism","pa_availability-available-for-sale","pa_availability-available-for-viewing-by-appointment","pa_color-palette-cool-tones","pa_color-palette-monochrome","pa_cultural-origin-european","pa_exhibition-status-available-for-exhibition","pa_location-available-for-shipping-worldwide","pa_medium-oil-on-canvas","pa_size-medium-30-cm-100-cm","pa_special-features-includes-certificate-of-authenticity","pa_special-features-limited-edition","pa_special-features-one-of-a-kind","pa_style-abstract","pa_style-expressionism","pa_theme-abstract","pa_theme-dreamlike","first","instock","taxable","shipping-taxable","product-type-simple"],"acf":[],"_links":{"self":[{"href":"https:\/\/madameflihan.com\/es\/wp-json\/wp\/v2\/product\/3324","targetHints":{"allow":["GET"]}}],"collection":[{"href":"https:\/\/madameflihan.com\/es\/wp-json\/wp\/v2\/product"}],"about":[{"href":"https:\/\/madameflihan.com\/es\/wp-json\/wp\/v2\/types\/product"}],"replies":[{"embeddable":true,"href":"https:\/\/madameflihan.com\/es\/wp-json\/wp\/v2\/comments?post=3324"}],"wp:featuredmedia":[{"embeddable":true,"href":"https:\/\/madameflihan.com\/es\/wp-json\/wp\/v2\/media\/3325"}],"wp:attachment":[{"href":"https:\/\/madameflihan.com\/es\/wp-json\/wp\/v2\/media?parent=3324"}],"wp:term":[{"taxonomy":"product_brand","embeddable":true,"href":"https:\/\/madameflihan.com\/es\/wp-json\/wp\/v2\/product_brand?post=3324"},{"taxonomy":"product_cat","embeddable":true,"href":"https:\/\/madameflihan.com\/es\/wp-json\/wp\/v2\/product_cat?post=3324"},{"taxonomy":"product_tag","embeddable":true,"href":"https:\/\/madameflihan.com\/es\/wp-json\/wp\/v2\/product_tag?post=3324"}],"curies":[{"name":"wp","href":"https:\/\/api.w.org\/{rel}","templated":true}]}}

Evolución orgánica

<p><em>Evolución orgánica</em> (1969), Vicente Vela presenta una sorprendente exploración de la simetría y la transformación, elementos centrales de su estilo abstracto de posguerra. Los tonos azules dominan la composición, y sus gradaciones reflejan el interés de Vela por el equilibrio entre armonía y discordia. Este audaz gesto puede interpretarse como una metáfora del cambio, la evolución o incluso el conflicto, y marca el enfoque característico de Vela del expresionismo abstracto, en el que la emoción y el movimiento están integrados en el color y la forma. Del mismo modo que Vela trató de tender un puente entre el mundo de las bellas artes y el del diseño, Evolución Orgánica habla de la interconexión entre naturaleza, geometría y expresión artística, revelando su constante búsqueda por explorar y transformar los límites de la percepción visual.</p>

<p>En <em>Evolución orgánica</em> (1969), Vicente Vela combina simetría, tonos azules dinámicos y un acento rojo central para explorar temas de transformación y equilibrio, reflejando su enfoque único del expresionismo abstracto y la interacción entre naturaleza, geometría y arte.</p>
