{"id":4401,"date":"2025-03-28T15:14:31","date_gmt":"2025-03-28T15:14:31","guid":{"rendered":"http:\/\/madameflihan.com\/?post_type=artist&#038;p=4401"},"modified":"2025-03-28T15:14:31","modified_gmt":"2025-03-28T15:14:31","slug":"miguel-barbero","status":"publish","type":"artist","link":"https:\/\/madameflihan.com\/pt\/artist\/miguel-barbero\/","title":{"rendered":"Miguel Barbero"},"content":{"rendered":"<p>Miguel Barbero (1953) nasceu em Hinojosa del Duque, C\u00f3rdova. Desde os 11 anos de idade, vive em Madrid, onde desde muito cedo descobriu a sua paix\u00e3o pela pintura, visitando museus e salas de exposi\u00e7\u00e3o. O seu interesse pela arte levou-o a estudar desenho e pintura e, mais tarde, a frequentar o C\u00edrculo de Belas Artes de Madrid para estudar desenho de vida.<\/p>\n<p>Ao longo da sua carreira art\u00edstica, desenvolveu um percurso distinto como pintor. Realizou a sua primeira exposi\u00e7\u00e3o em Toledo em 1977 e, desde ent\u00e3o, tem mantido uma carreira prol\u00edfica, participando em numerosos sal\u00f5es e concursos nacionais de pintura. Exp\u00f4s em v\u00e1rias cidades espanholas, como Toledo, Talavera de la Reina, C\u00f3rdoba, Oviedo, Bilbau, Granada, Sarago\u00e7a e Madrid, entre outras. Para al\u00e9m da sua atividade expositiva, foi reconhecido pela sua dedica\u00e7\u00e3o \u00e0 arte, sendo mencionado em importantes publica\u00e7\u00f5es especializadas como El Punto de las Artes, ABC e Revista Goya, entre outras.<\/p>\n<p>A obra de Miguel Barbero est\u00e1 representada em importantes museus e colec\u00e7\u00f5es nacionais e internacionais. Entre os espa\u00e7os de exposi\u00e7\u00e3o mais destacados encontram-se o Museu de Arte Contempor\u00e2nea de M\u00f3stoles (Madrid), o Museu de Arte Contempor\u00e2nea de Osaka (Jap\u00e3o), o Museu Ponce de San Juan, em Porto Rico, e a Funda\u00e7\u00e3o Doutor Tejerina, em Madrid. As suas obras tamb\u00e9m fazem parte de colec\u00e7\u00f5es como a Casa de Alba (Madrid), v\u00e1rias colec\u00e7\u00f5es de caixas econ\u00f3micas e o Excmo. Ayuntamiento de Madrid, entre outras. Ao longo da sua carreira, participou em feiras e exposi\u00e7\u00f5es internacionais como Arte Santander, Arte Atual (Madrid) e Interarte (Val\u00eancia), solidificando a sua presen\u00e7a no mundo da arte contempor\u00e2nea.<\/p>","protected":false},"featured_media":0,"parent":0,"template":"","meta":{"_acf_changed":false,"_et_pb_use_builder":"","_et_pb_old_content":"","_et_gb_content_width":""},"artist-type":[74,76],"class_list":["post-4401","artist","type-artist","status-publish","hentry","artist-type-established-artist","artist-type-living-artist"],"acf":[],"_links":{"self":[{"href":"https:\/\/madameflihan.com\/pt\/wp-json\/wp\/v2\/artist\/4401","targetHints":{"allow":["GET"]}}],"collection":[{"href":"https:\/\/madameflihan.com\/pt\/wp-json\/wp\/v2\/artist"}],"about":[{"href":"https:\/\/madameflihan.com\/pt\/wp-json\/wp\/v2\/types\/artist"}],"wp:attachment":[{"href":"https:\/\/madameflihan.com\/pt\/wp-json\/wp\/v2\/media?parent=4401"}],"wp:term":[{"taxonomy":"artist-type","embeddable":true,"href":"https:\/\/madameflihan.com\/pt\/wp-json\/wp\/v2\/artist-type?post=4401"}],"curies":[{"name":"wp","href":"https:\/\/api.w.org\/{rel}","templated":true}]}}

<p>Miguel Barbero (1953) nasceu em Hinojosa del Duque, Córdova. Desde os 11 anos de idade, vive em Madrid, onde desde muito cedo descobriu a sua paixão pela pintura, visitando museus e salas de exposição. O seu interesse pela arte levou-o a estudar desenho e pintura e, mais tarde, a frequentar o Círculo de Belas Artes de Madrid para estudar desenho de vida.</p>
<p>Ao longo da sua carreira artística, desenvolveu um percurso distinto como pintor. Realizou a sua primeira exposição em Toledo em 1977 e, desde então, tem mantido uma carreira prolífica, participando em numerosos salões e concursos nacionais de pintura. Expôs em várias cidades espanholas, como Toledo, Talavera de la Reina, Córdoba, Oviedo, Bilbau, Granada, Saragoça e Madrid, entre outras. Para além da sua atividade expositiva, foi reconhecido pela sua dedicação à arte, sendo mencionado em importantes publicações especializadas como El Punto de las Artes, ABC e Revista Goya, entre outras.</p>
<p>A obra de Miguel Barbero está representada em importantes museus e colecções nacionais e internacionais. Entre os espaços de exposição mais destacados encontram-se o Museu de Arte Contemporânea de Móstoles (Madrid), o Museu de Arte Contemporânea de Osaka (Japão), o Museu Ponce de San Juan, em Porto Rico, e a Fundação Doutor Tejerina, em Madrid. As suas obras também fazem parte de colecções como a Casa de Alba (Madrid), várias colecções de caixas económicas e o Excmo. Ayuntamiento de Madrid, entre outras. Ao longo da sua carreira, participou em feiras e exposições internacionais como Arte Santander, Arte Atual (Madrid) e Interarte (Valência), solidificando a sua presença no mundo da arte contemporânea.</p>
