{"id":669,"date":"2024-12-07T12:01:05","date_gmt":"2024-12-07T11:01:05","guid":{"rendered":"http:\/\/madameflihan.com\/?post_type=artist&#038;p=669"},"modified":"2024-12-07T12:01:05","modified_gmt":"2024-12-07T11:01:05","slug":"victor-mira","status":"publish","type":"artist","link":"https:\/\/madameflihan.com\/pt\/artist\/victor-mira\/","title":{"rendered":"V\u00edctor Mira"},"content":{"rendered":"<p>V\u00edctor Mira (1949-2003), nascido em Sarago\u00e7a, Espanha, foi um artista autodidata. A sua paix\u00e3o precoce pela arte levou-o a realizar a sua primeira exposi\u00e7\u00e3o de escultura com apenas 18 anos, em Sarago\u00e7a. Durante a d\u00e9cada de 1970, viajou muito por Espanha e pelo estrangeiro, visitando a Alemanha e os Estados Unidos a convite do Meadows Museum de Dallas. Paralelamente \u00e0s suas obras visuais, Mira publicou v\u00e1rias obras liter\u00e1rias, como Est\u00e9tica de Arag\u00f3n quebrado (1978) e Madre Zaragoza (1985).<\/p>\n<p>Mira explorou uma vasta gama de meios, incluindo a pintura, o desenho, a escultura, a cer\u00e2mica e as artes gr\u00e1ficas, ao mesmo tempo que se dedicava \u00e0 literatura e \u00e0 poesia. O seu trabalho mistura t\u00e9cnicas informalistas com tradi\u00e7\u00f5es figurativas, abordando temas como o existencialismo, a solid\u00e3o e o imagin\u00e1rio crist\u00e3o. A sua s\u00e9rie Stylites, inspirada na lenda de S\u00e3o Sime\u00e3o, \u00e9 um exemplo not\u00e1vel da sua capacidade de representar o isolamento e a imobilidade. A m\u00fasica tamb\u00e9m influenciou profundamente o seu trabalho; pe\u00e7as como Bachkantaten reflectem o seu fasc\u00ednio por Johann Sebastian Bach, empregando paletas de cores minimalistas de azul e preto e o motivo recorrente da cruz grega.<\/p>\n<p>Exp\u00f4s amplamente na Europa e nos Estados Unidos, com as suas obras a fazerem parte de colec\u00e7\u00f5es de renome, incluindo o MoMA (Nova Iorque), o Albertina Museum (Viena), o Kunstmuseum (Basileia) e o MNCARS Museo Nacional Centro de Arte Reina Sof\u00eda (Madrid). Em 2003, foi reconhecido como o Melhor Artista Espanhol a Viver na ARCO.<\/p>","protected":false},"featured_media":670,"parent":0,"template":"","meta":{"_acf_changed":false,"_et_pb_use_builder":"","_et_pb_old_content":"","_et_gb_content_width":""},"artist-type":[80],"class_list":["post-669","artist","type-artist","status-publish","has-post-thumbnail","hentry","artist-type-deceased-artist"],"acf":[],"_links":{"self":[{"href":"https:\/\/madameflihan.com\/pt\/wp-json\/wp\/v2\/artist\/669","targetHints":{"allow":["GET"]}}],"collection":[{"href":"https:\/\/madameflihan.com\/pt\/wp-json\/wp\/v2\/artist"}],"about":[{"href":"https:\/\/madameflihan.com\/pt\/wp-json\/wp\/v2\/types\/artist"}],"wp:featuredmedia":[{"embeddable":true,"href":"https:\/\/madameflihan.com\/pt\/wp-json\/wp\/v2\/media\/670"}],"wp:attachment":[{"href":"https:\/\/madameflihan.com\/pt\/wp-json\/wp\/v2\/media?parent=669"}],"wp:term":[{"taxonomy":"artist-type","embeddable":true,"href":"https:\/\/madameflihan.com\/pt\/wp-json\/wp\/v2\/artist-type?post=669"}],"curies":[{"name":"wp","href":"https:\/\/api.w.org\/{rel}","templated":true}]}}

Víctor Mira

<p>Víctor Mira (1949-2003), nascido em Saragoça, Espanha, foi um artista autodidata. A sua paixão precoce pela arte levou-o a realizar a sua primeira exposição de escultura com apenas 18 anos, em Saragoça. Durante a década de 1970, viajou muito por Espanha e pelo estrangeiro, visitando a Alemanha e os Estados Unidos a convite do Meadows Museum de Dallas. Paralelamente às suas obras visuais, Mira publicou várias obras literárias, como Estética de Aragón quebrado (1978) e Madre Zaragoza (1985).</p>
<p>Mira explorou uma vasta gama de meios, incluindo a pintura, o desenho, a escultura, a cerâmica e as artes gráficas, ao mesmo tempo que se dedicava à literatura e à poesia. O seu trabalho mistura técnicas informalistas com tradições figurativas, abordando temas como o existencialismo, a solidão e o imaginário cristão. A sua série Stylites, inspirada na lenda de São Simeão, é um exemplo notável da sua capacidade de representar o isolamento e a imobilidade. A música também influenciou profundamente o seu trabalho; peças como Bachkantaten reflectem o seu fascínio por Johann Sebastian Bach, empregando paletas de cores minimalistas de azul e preto e o motivo recorrente da cruz grega.</p>
<p>Expôs amplamente na Europa e nos Estados Unidos, com as suas obras a fazerem parte de colecções de renome, incluindo o MoMA (Nova Iorque), o Albertina Museum (Viena), o Kunstmuseum (Basileia) e o MNCARS Museo Nacional Centro de Arte Reina Sofía (Madrid). Em 2003, foi reconhecido como o Melhor Artista Espanhol a Viver na ARCO.</p>
