{"id":686,"date":"2024-12-07T12:14:48","date_gmt":"2024-12-07T11:14:48","guid":{"rendered":"http:\/\/madameflihan.com\/?post_type=artist&#038;p=686"},"modified":"2024-12-07T12:14:48","modified_gmt":"2024-12-07T11:14:48","slug":"agustin-ubeda","status":"publish","type":"artist","link":"https:\/\/madameflihan.com\/pt\/artist\/agustin-ubeda\/","title":{"rendered":"Agust\u00edn \u00dabeda"},"content":{"rendered":"<p>Agust\u00edn \u00dabeda (1925-2007) nasceu em Ciudad Real, Espanha. Estudou na Escuela de Bellas Artes de San Fernando, em Madrid, e foi bolseiro do Instituto Franc\u00eas de Madrid, o que lhe permitiu viajar para Paris. A\u00ed, foi profundamente influenciado pelas obras de Marc Chagall e Picasso, o que marcou uma mudan\u00e7a no seu estilo art\u00edstico. Leccionou na Escuela de San Fernando, onde acabou por se tornar professor e, mais tarde, presidente do departamento de Belas Artes em 1987.<\/p>\n<p>Pintor espanhol de renome no s\u00e9culo XX, a sua arte apresenta naturezas mortas, retratos e paisagens, todos constru\u00eddos com uma linguagem geom\u00e9trica distinta. As suas obras revelam frequentemente harmonia e equil\u00edbrio, com composi\u00e7\u00f5es que incluem elementos como plan\u00edcies \u00e0s riscas, pequenas aldeias distantes e c\u00e9us amea\u00e7adores que conferem um sentido de mist\u00e9rio \u00e0s suas paisagens. Estas cenas criam por vezes uma atmosfera inquietante, com a terra e as estruturas a parecerem estar num declive prec\u00e1rio. O seu estilo figurativo, com a sua expressividade e ironia, \u00e9 uma refer\u00eancia na arte espanhola contempor\u00e2nea.<\/p>\n<p>Ganhou o prestigioso Pr\u00e9mio da Jovem Pintura Francesa em 1957 e o Grande Pr\u00e9mio de Pintura da Academia de Belas Artes em 1982. As suas obras foram apresentadas em numerosas exposi\u00e7\u00f5es, incluindo a exposi\u00e7\u00e3o \"Ten Teachers\" de 1992 em Madrid, dedicada ao expressionismo figurativo. As suas pinturas fazem agora parte de colec\u00e7\u00f5es importantes e podem ser encontradas em museus como o Museo de la Ville de Genebra, a Real Academia de Belas Artes de San Fernando, em Madrid, e o Museu de Belas Artes de Santa F\u00e9, no Novo M\u00e9xico.<\/p>","protected":false},"featured_media":687,"parent":0,"template":"","meta":{"_acf_changed":false,"_et_pb_use_builder":"","_et_pb_old_content":"","_et_gb_content_width":""},"artist-type":[80,74],"class_list":["post-686","artist","type-artist","status-publish","has-post-thumbnail","hentry","artist-type-deceased-artist","artist-type-established-artist"],"acf":[],"_links":{"self":[{"href":"https:\/\/madameflihan.com\/pt\/wp-json\/wp\/v2\/artist\/686","targetHints":{"allow":["GET"]}}],"collection":[{"href":"https:\/\/madameflihan.com\/pt\/wp-json\/wp\/v2\/artist"}],"about":[{"href":"https:\/\/madameflihan.com\/pt\/wp-json\/wp\/v2\/types\/artist"}],"wp:featuredmedia":[{"embeddable":true,"href":"https:\/\/madameflihan.com\/pt\/wp-json\/wp\/v2\/media\/687"}],"wp:attachment":[{"href":"https:\/\/madameflihan.com\/pt\/wp-json\/wp\/v2\/media?parent=686"}],"wp:term":[{"taxonomy":"artist-type","embeddable":true,"href":"https:\/\/madameflihan.com\/pt\/wp-json\/wp\/v2\/artist-type?post=686"}],"curies":[{"name":"wp","href":"https:\/\/api.w.org\/{rel}","templated":true}]}}

Agustín Úbeda

<p>Agustín Úbeda (1925-2007) nasceu em Ciudad Real, Espanha. Estudou na Escuela de Bellas Artes de San Fernando, em Madrid, e foi bolseiro do Instituto Francês de Madrid, o que lhe permitiu viajar para Paris. Aí, foi profundamente influenciado pelas obras de Marc Chagall e Picasso, o que marcou uma mudança no seu estilo artístico. Leccionou na Escuela de San Fernando, onde acabou por se tornar professor e, mais tarde, presidente do departamento de Belas Artes em 1987.</p>
<p>Pintor espanhol de renome no século XX, a sua arte apresenta naturezas mortas, retratos e paisagens, todos construídos com uma linguagem geométrica distinta. As suas obras revelam frequentemente harmonia e equilíbrio, com composições que incluem elementos como planícies às riscas, pequenas aldeias distantes e céus ameaçadores que conferem um sentido de mistério às suas paisagens. Estas cenas criam por vezes uma atmosfera inquietante, com a terra e as estruturas a parecerem estar num declive precário. O seu estilo figurativo, com a sua expressividade e ironia, é uma referência na arte espanhola contemporânea.</p>
<p>Ganhou o prestigioso Prémio da Jovem Pintura Francesa em 1957 e o Grande Prémio de Pintura da Academia de Belas Artes em 1982. As suas obras foram apresentadas em numerosas exposições, incluindo a exposição "Ten Teachers" de 1992 em Madrid, dedicada ao expressionismo figurativo. As suas pinturas fazem agora parte de colecções importantes e podem ser encontradas em museus como o Museo de la Ville de Genebra, a Real Academia de Belas Artes de San Fernando, em Madrid, e o Museu de Belas Artes de Santa Fé, no Novo México.</p>
