{"id":2634,"date":"2025-01-23T17:27:12","date_gmt":"2025-01-23T16:27:12","guid":{"rendered":"http:\/\/madameflihan.com\/?post_type=product&#038;p=2634"},"modified":"2025-02-13T17:03:49","modified_gmt":"2025-02-13T17:03:49","slug":"ilha-do-parana","status":"publish","type":"product","link":"https:\/\/madameflihan.com\/pt\/product\/parana-island\/","title":{"rendered":"Ilha do Paran\u00e1"},"content":{"rendered":"<p>Em <em>Ilha do Paran\u00e1<\/em>Jos\u00e9 Palmeiro destila a ess\u00eancia dos seus arredores atrav\u00e9s de uma lente abstrata, onde as formas das casas, plantas e elementos naturais s\u00e3o evocadas em vez de representadas diretamente. Utilizando azuis e verdes vivos, Palmeiro cria uma sensa\u00e7\u00e3o de lugar que tem mais a ver com a resson\u00e2ncia emocional da paisagem do que com uma representa\u00e7\u00e3o literal. A sua pincelada capta o fluxo r\u00edtmico do ambiente, a energia da cena ecoando atrav\u00e9s de camadas de cor. Esta pe\u00e7a incorpora a sua capacidade de combinar sensibilidades p\u00f3s-impressionistas com uma abordagem de esp\u00edrito livre \u00e0 abstra\u00e7\u00e3o, permitindo que os elementos da natureza emerjam da tela de forma quase org\u00e2nica. Os tons v\u00edvidos reflectem a sua fus\u00e3o \u00fanica de cor e luz, onde as formas se dissolvem numa atmosfera fluida, oferecendo uma vis\u00e3o contemplativa e on\u00edrica do mundo que o rodeia. Atrav\u00e9s deste trabalho, Palmeiro convida o espetador a ir para al\u00e9m da representa\u00e7\u00e3o realista, encorajando uma experi\u00eancia mais \u00edntima e emocional com a paisagem.<\/p>","protected":false},"excerpt":{"rendered":"<p>Em <em>Ilha do Paran\u00e1<\/em>Jos\u00e9 Palmeiro mistura abstra\u00e7\u00e3o com vislumbres da natureza, usando azuis e verdes vivos para evocar uma paisagem emocional onde formas de casas e plantas emergem atrav\u00e9s das suas pinceladas din\u00e2micas e fluidas.<\/p>","protected":false},"featured_media":2635,"comment_status":"open","ping_status":"closed","template":"","meta":{"_acf_changed":false,"_et_pb_use_builder":"","_et_pb_old_content":"","_et_gb_content_width":""},"product_brand":[],"product_cat":[43],"product_tag":[],"class_list":["post-2634","product","type-product","status-publish","has-post-thumbnail","product_cat-painting","pa_art-genre-fine-art","pa_art-movement-modernism","pa_art-movement-post-modernism","pa_availability-available-for-sale","pa_availability-available-for-viewing-by-appointment","pa_color-palette-cool-tones","pa_color-palette-multi-color","pa_color-palette-vibrant","pa_cultural-origin-european","pa_exhibition-status-available-for-exhibition","pa_location-available-for-shipping-worldwide","pa_medium-oil-on-carton","pa_size-medium-30-cm-100-cm","pa_special-features-includes-certificate-of-authenticity","pa_special-features-limited-edition","pa_special-features-one-of-a-kind","pa_style-abstract","pa_style-modern","pa_theme-abstract","pa_theme-landscape","pa_theme-nature","first","instock","taxable","shipping-taxable","product-type-simple"],"acf":[],"_links":{"self":[{"href":"https:\/\/madameflihan.com\/pt\/wp-json\/wp\/v2\/product\/2634","targetHints":{"allow":["GET"]}}],"collection":[{"href":"https:\/\/madameflihan.com\/pt\/wp-json\/wp\/v2\/product"}],"about":[{"href":"https:\/\/madameflihan.com\/pt\/wp-json\/wp\/v2\/types\/product"}],"replies":[{"embeddable":true,"href":"https:\/\/madameflihan.com\/pt\/wp-json\/wp\/v2\/comments?post=2634"}],"wp:featuredmedia":[{"embeddable":true,"href":"https:\/\/madameflihan.com\/pt\/wp-json\/wp\/v2\/media\/2635"}],"wp:attachment":[{"href":"https:\/\/madameflihan.com\/pt\/wp-json\/wp\/v2\/media?parent=2634"}],"wp:term":[{"taxonomy":"product_brand","embeddable":true,"href":"https:\/\/madameflihan.com\/pt\/wp-json\/wp\/v2\/product_brand?post=2634"},{"taxonomy":"product_cat","embeddable":true,"href":"https:\/\/madameflihan.com\/pt\/wp-json\/wp\/v2\/product_cat?post=2634"},{"taxonomy":"product_tag","embeddable":true,"href":"https:\/\/madameflihan.com\/pt\/wp-json\/wp\/v2\/product_tag?post=2634"}],"curies":[{"name":"wp","href":"https:\/\/api.w.org\/{rel}","templated":true}]}}

Ilha do Paraná

<p>Em <em>Ilha do Paraná</em>José Palmeiro destila a essência dos seus arredores através de uma lente abstrata, onde as formas das casas, plantas e elementos naturais são evocadas em vez de representadas diretamente. Utilizando azuis e verdes vivos, Palmeiro cria uma sensação de lugar que tem mais a ver com a ressonância emocional da paisagem do que com uma representação literal. A sua pincelada capta o fluxo rítmico do ambiente, a energia da cena ecoando através de camadas de cor. Esta peça incorpora a sua capacidade de combinar sensibilidades pós-impressionistas com uma abordagem de espírito livre à abstração, permitindo que os elementos da natureza emerjam da tela de forma quase orgânica. Os tons vívidos reflectem a sua fusão única de cor e luz, onde as formas se dissolvem numa atmosfera fluida, oferecendo uma visão contemplativa e onírica do mundo que o rodeia. Através deste trabalho, Palmeiro convida o espetador a ir para além da representação realista, encorajando uma experiência mais íntima e emocional com a paisagem.</p>

<p>Em <em>Ilha do Paraná</em>José Palmeiro mistura abstração com vislumbres da natureza, usando azuis e verdes vivos para evocar uma paisagem emocional onde formas de casas e plantas emergem através das suas pinceladas dinâmicas e fluidas.</p>
