{"id":3167,"date":"2025-02-05T11:45:39","date_gmt":"2025-02-05T11:45:39","guid":{"rendered":"http:\/\/madameflihan.com\/?post_type=product&#038;p=3167"},"modified":"2025-02-13T17:03:23","modified_gmt":"2025-02-13T17:03:23","slug":"uvas-do-campo-espanhol","status":"publish","type":"product","link":"https:\/\/madameflihan.com\/pt\/product\/grapes-of-the-spanish-countryside\/","title":{"rendered":"Uvas do campo espanhol"},"content":{"rendered":"<p>O \u00f3leo sobre tela de Juan Padilla y Lara reflecte o seu dom\u00ednio do realismo, particularmente a sua capacidade de transformar o mundano em algo extraordin\u00e1rio. Atrav\u00e9s de um retrato concentrado de naturezas mortas, principalmente de uvas, Padilla mostra a sua aten\u00e7\u00e3o meticulosa ao pormenor, representando cada fruto com precis\u00e3o fotogr\u00e1fica. O trabalho reflecte a sua profunda liga\u00e7\u00e3o ao campo espanhol, onde os objectos do quotidiano, como a fruta, est\u00e3o imbu\u00eddos de texturas ricas e cores vibrantes, convidando o espetador a apreciar a sua beleza natural. A sua t\u00e9cnica, que combina realismo n\u00edtido com subtis mudan\u00e7as de tonalidade, real\u00e7a a eleg\u00e2ncia inerente \u00e0 simplicidade e a poesia tranquila encontrada no quotidiano. Esta pe\u00e7a capta a ess\u00eancia da pr\u00e1tica art\u00edstica mais ampla de Padilla, misturando a habilidade t\u00e9cnica com uma rever\u00eancia pelo mundo natural, revelando n\u00e3o apenas o objeto, mas a sua presen\u00e7a mais profunda, quase t\u00e1til, no espa\u00e7o do observador.<\/p>","protected":false},"excerpt":{"rendered":"<p>O \u00f3leo sobre tela de Juan Padilla y Lara mostra o seu realismo preciso atrav\u00e9s de uma representa\u00e7\u00e3o detalhada de uvas, captando a beleza natural dos objectos do quotidiano com texturas subtis e cores vibrantes que convidam a uma aprecia\u00e7\u00e3o mais profunda da paisagem espanhola.<\/p>","protected":false},"featured_media":3168,"comment_status":"open","ping_status":"closed","template":"","meta":{"_acf_changed":false,"_et_pb_use_builder":"","_et_pb_old_content":"","_et_gb_content_width":""},"product_brand":[],"product_cat":[43],"product_tag":[],"class_list":["post-3167","product","type-product","status-publish","has-post-thumbnail","product_cat-painting","pa_art-genre-fine-art","pa_art-movement-modernism","pa_art-movement-post-modernism","pa_availability-available-for-sale","pa_availability-available-for-viewing-by-appointment","pa_color-palette-earth-tones","pa_color-palette-multi-color","pa_color-palette-warm-tones","pa_cultural-origin-european","pa_exhibition-status-available-for-exhibition","pa_location-available-for-shipping-worldwide","pa_medium-oil-on-canvas","pa_size-medium-30-cm-100-cm","pa_special-features-includes-certificate-of-authenticity","pa_special-features-limited-edition","pa_special-features-one-of-a-kind","pa_special-features-signed-by-artist","pa_style-figurative","pa_style-realism","pa_theme-figurative","pa_theme-still-life","first","instock","taxable","shipping-taxable","product-type-simple"],"acf":[],"_links":{"self":[{"href":"https:\/\/madameflihan.com\/pt\/wp-json\/wp\/v2\/product\/3167","targetHints":{"allow":["GET"]}}],"collection":[{"href":"https:\/\/madameflihan.com\/pt\/wp-json\/wp\/v2\/product"}],"about":[{"href":"https:\/\/madameflihan.com\/pt\/wp-json\/wp\/v2\/types\/product"}],"replies":[{"embeddable":true,"href":"https:\/\/madameflihan.com\/pt\/wp-json\/wp\/v2\/comments?post=3167"}],"wp:featuredmedia":[{"embeddable":true,"href":"https:\/\/madameflihan.com\/pt\/wp-json\/wp\/v2\/media\/3168"}],"wp:attachment":[{"href":"https:\/\/madameflihan.com\/pt\/wp-json\/wp\/v2\/media?parent=3167"}],"wp:term":[{"taxonomy":"product_brand","embeddable":true,"href":"https:\/\/madameflihan.com\/pt\/wp-json\/wp\/v2\/product_brand?post=3167"},{"taxonomy":"product_cat","embeddable":true,"href":"https:\/\/madameflihan.com\/pt\/wp-json\/wp\/v2\/product_cat?post=3167"},{"taxonomy":"product_tag","embeddable":true,"href":"https:\/\/madameflihan.com\/pt\/wp-json\/wp\/v2\/product_tag?post=3167"}],"curies":[{"name":"wp","href":"https:\/\/api.w.org\/{rel}","templated":true}]}}

<p>O óleo sobre tela de Juan Padilla y Lara reflecte o seu domínio do realismo, particularmente a sua capacidade de transformar o mundano em algo extraordinário. Através de um retrato concentrado de naturezas mortas, principalmente de uvas, Padilla mostra a sua atenção meticulosa ao pormenor, representando cada fruto com precisão fotográfica. O trabalho reflecte a sua profunda ligação ao campo espanhol, onde os objectos do quotidiano, como a fruta, estão imbuídos de texturas ricas e cores vibrantes, convidando o espetador a apreciar a sua beleza natural. A sua técnica, que combina realismo nítido com subtis mudanças de tonalidade, realça a elegância inerente à simplicidade e a poesia tranquila encontrada no quotidiano. Esta peça capta a essência da prática artística mais ampla de Padilla, misturando a habilidade técnica com uma reverência pelo mundo natural, revelando não apenas o objeto, mas a sua presença mais profunda, quase tátil, no espaço do observador.</p>

<p>O óleo sobre tela de Juan Padilla y Lara mostra o seu realismo preciso através de uma representação detalhada de uvas, captando a beleza natural dos objectos do quotidiano com texturas subtis e cores vibrantes que convidam a uma apreciação mais profunda da paisagem espanhola.</p>
