{"id":3324,"date":"2025-02-06T11:01:07","date_gmt":"2025-02-06T11:01:07","guid":{"rendered":"http:\/\/madameflihan.com\/?post_type=product&#038;p=3324"},"modified":"2025-02-13T17:03:20","modified_gmt":"2025-02-13T17:03:20","slug":"evolucao-organica","status":"publish","type":"product","link":"https:\/\/madameflihan.com\/pt\/product\/organic-evolution\/","title":{"rendered":"Evolu\u00e7\u00e3o org\u00e2nica"},"content":{"rendered":"<p><em>Evolu\u00e7\u00e3o org\u00e2nica<\/em> (1969), Vicente Vela apresenta uma impressionante explora\u00e7\u00e3o da simetria e da transforma\u00e7\u00e3o, elementos centrais do seu estilo abstrato do p\u00f3s-guerra. Os tons azuis dominam a composi\u00e7\u00e3o e as suas grada\u00e7\u00f5es reflectem o interesse de Vela pelo equil\u00edbrio entre harmonia e disc\u00f3rdia. Este gesto ousado pode ser visto como uma met\u00e1fora para a mudan\u00e7a, a evolu\u00e7\u00e3o ou mesmo o conflito, marcando a abordagem carater\u00edstica de Vela ao expressionismo abstrato, em que a emo\u00e7\u00e3o e o movimento est\u00e3o incorporados na cor e na forma. Tal como Vela procurou estabelecer uma ponte entre os mundos das belas-artes e do design, Organic Evolution fala da interliga\u00e7\u00e3o entre a natureza, a geometria e a express\u00e3o art\u00edstica, revelando a sua constante procura de explorar e transformar os limites da perce\u00e7\u00e3o visual.<\/p>","protected":false},"excerpt":{"rendered":"<p>Em <em>Evolu\u00e7\u00e3o org\u00e2nica<\/em> (1969), Vicente Vela combina simetria, tons azuis din\u00e2micos e um acento vermelho central para explorar temas de transforma\u00e7\u00e3o e equil\u00edbrio, reflectindo a sua abordagem \u00fanica ao expressionismo abstrato e a intera\u00e7\u00e3o entre a natureza, a geometria e a arte.<\/p>","protected":false},"featured_media":3325,"comment_status":"open","ping_status":"closed","template":"","meta":{"_acf_changed":false,"_et_pb_use_builder":"","_et_pb_old_content":"","_et_gb_content_width":""},"product_brand":[],"product_cat":[43],"product_tag":[],"class_list":["post-3324","product","type-product","status-publish","has-post-thumbnail","product_cat-painting","pa_art-genre-fine-art","pa_art-movement-post-modernism","pa_availability-available-for-sale","pa_availability-available-for-viewing-by-appointment","pa_color-palette-cool-tones","pa_color-palette-monochrome","pa_cultural-origin-european","pa_exhibition-status-available-for-exhibition","pa_location-available-for-shipping-worldwide","pa_medium-oil-on-canvas","pa_size-medium-30-cm-100-cm","pa_special-features-includes-certificate-of-authenticity","pa_special-features-limited-edition","pa_special-features-one-of-a-kind","pa_style-abstract","pa_style-expressionism","pa_theme-abstract","pa_theme-dreamlike","first","instock","taxable","shipping-taxable","product-type-simple"],"acf":[],"_links":{"self":[{"href":"https:\/\/madameflihan.com\/pt\/wp-json\/wp\/v2\/product\/3324","targetHints":{"allow":["GET"]}}],"collection":[{"href":"https:\/\/madameflihan.com\/pt\/wp-json\/wp\/v2\/product"}],"about":[{"href":"https:\/\/madameflihan.com\/pt\/wp-json\/wp\/v2\/types\/product"}],"replies":[{"embeddable":true,"href":"https:\/\/madameflihan.com\/pt\/wp-json\/wp\/v2\/comments?post=3324"}],"wp:featuredmedia":[{"embeddable":true,"href":"https:\/\/madameflihan.com\/pt\/wp-json\/wp\/v2\/media\/3325"}],"wp:attachment":[{"href":"https:\/\/madameflihan.com\/pt\/wp-json\/wp\/v2\/media?parent=3324"}],"wp:term":[{"taxonomy":"product_brand","embeddable":true,"href":"https:\/\/madameflihan.com\/pt\/wp-json\/wp\/v2\/product_brand?post=3324"},{"taxonomy":"product_cat","embeddable":true,"href":"https:\/\/madameflihan.com\/pt\/wp-json\/wp\/v2\/product_cat?post=3324"},{"taxonomy":"product_tag","embeddable":true,"href":"https:\/\/madameflihan.com\/pt\/wp-json\/wp\/v2\/product_tag?post=3324"}],"curies":[{"name":"wp","href":"https:\/\/api.w.org\/{rel}","templated":true}]}}

Evolução orgânica

<p><em>Evolução orgânica</em> (1969), Vicente Vela apresenta uma impressionante exploração da simetria e da transformação, elementos centrais do seu estilo abstrato do pós-guerra. Os tons azuis dominam a composição e as suas gradações reflectem o interesse de Vela pelo equilíbrio entre harmonia e discórdia. Este gesto ousado pode ser visto como uma metáfora para a mudança, a evolução ou mesmo o conflito, marcando a abordagem caraterística de Vela ao expressionismo abstrato, em que a emoção e o movimento estão incorporados na cor e na forma. Tal como Vela procurou estabelecer uma ponte entre os mundos das belas-artes e do design, Organic Evolution fala da interligação entre a natureza, a geometria e a expressão artística, revelando a sua constante procura de explorar e transformar os limites da perceção visual.</p>

<p>Em <em>Evolução orgânica</em> (1969), Vicente Vela combina simetria, tons azuis dinâmicos e um acento vermelho central para explorar temas de transformação e equilíbrio, reflectindo a sua abordagem única ao expressionismo abstrato e a interação entre a natureza, a geometria e a arte.</p>
