{"id":3348,"date":"2025-02-06T15:07:20","date_gmt":"2025-02-06T15:07:20","guid":{"rendered":"http:\/\/madameflihan.com\/?post_type=product&#038;p=3348"},"modified":"2025-09-06T09:44:28","modified_gmt":"2025-09-06T09:44:28","slug":"explosao-amarela","status":"publish","type":"product","link":"https:\/\/madameflihan.com\/pt\/product\/yellow-explosion\/","title":{"rendered":"Explos\u00e3o amarela"},"content":{"rendered":"<p>Neste \u00f3leo abstrato sobre t\u00e1bua, Manuel Viola cria uma composi\u00e7\u00e3o din\u00e2mica e intensa com um fundo preto profundo, contra uma erup\u00e7\u00e3o de amarelo vibrante, vermelho e branco, evocando a sua capacidade \u00fanica de canalizar a emo\u00e7\u00e3o crua atrav\u00e9s da cor e da forma. A explos\u00e3o de cor sugere a pincelada ca\u00f3tica e en\u00e9rgica carater\u00edstica do seu estilo informalista, que reflecte o seu envolvimento com a vanguarda espanhola e as suas ra\u00edzes surrealistas. Esta pe\u00e7a incorpora a sua evolu\u00e7\u00e3o do trabalho figurativo inicial para o expressionismo abstrato que definiu a sua carreira, ressoando com a for\u00e7a gestual e a intensidade do movimento tachismo, ao mesmo tempo que ecoa a sua explora\u00e7\u00e3o da profundidade emocional e da experi\u00eancia humana.<\/p>","protected":false},"excerpt":{"rendered":"<p>Neste \u00f3leo abstrato sobre t\u00e1bua, a composi\u00e7\u00e3o intensa e din\u00e2mica de Manuel Viola de amarelos, vermelhos e brancos vibrantes sobre um fundo preto profundo capta a energia emocional crua e a pincelada ca\u00f3tica emblem\u00e1tica da sua evolu\u00e7\u00e3o do Surrealismo para o Expressionismo Abstrato.<\/p>","protected":false},"featured_media":3349,"comment_status":"open","ping_status":"closed","template":"","meta":{"_acf_changed":false,"_et_pb_use_builder":"","_et_pb_old_content":"","_et_gb_content_width":""},"product_brand":[],"product_cat":[43],"product_tag":[],"class_list":["post-3348","product","type-product","status-publish","has-post-thumbnail","product_cat-painting","pa_art-genre-fine-art","pa_art-movement-modernism","pa_art-movement-post-modernism","pa_availability-available-for-sale","pa_availability-available-for-viewing-by-appointment","pa_color-palette-multi-color","pa_color-palette-vibrant","pa_color-palette-warm-tones","pa_cultural-origin-european","pa_exhibition-status-available-for-exhibition","pa_location-available-for-shipping-worldwide","pa_medium-oil-on-board","pa_size-medium-30-cm-100-cm","pa_special-features-includes-certificate-of-authenticity","pa_special-features-limited-edition","pa_special-features-one-of-a-kind","pa_special-features-signed-by-artist","pa_style-abstract","pa_style-expressionism","pa_theme-abstract","first","instock","taxable","shipping-taxable","product-type-simple"],"acf":[],"_links":{"self":[{"href":"https:\/\/madameflihan.com\/pt\/wp-json\/wp\/v2\/product\/3348","targetHints":{"allow":["GET"]}}],"collection":[{"href":"https:\/\/madameflihan.com\/pt\/wp-json\/wp\/v2\/product"}],"about":[{"href":"https:\/\/madameflihan.com\/pt\/wp-json\/wp\/v2\/types\/product"}],"replies":[{"embeddable":true,"href":"https:\/\/madameflihan.com\/pt\/wp-json\/wp\/v2\/comments?post=3348"}],"wp:featuredmedia":[{"embeddable":true,"href":"https:\/\/madameflihan.com\/pt\/wp-json\/wp\/v2\/media\/3349"}],"wp:attachment":[{"href":"https:\/\/madameflihan.com\/pt\/wp-json\/wp\/v2\/media?parent=3348"}],"wp:term":[{"taxonomy":"product_brand","embeddable":true,"href":"https:\/\/madameflihan.com\/pt\/wp-json\/wp\/v2\/product_brand?post=3348"},{"taxonomy":"product_cat","embeddable":true,"href":"https:\/\/madameflihan.com\/pt\/wp-json\/wp\/v2\/product_cat?post=3348"},{"taxonomy":"product_tag","embeddable":true,"href":"https:\/\/madameflihan.com\/pt\/wp-json\/wp\/v2\/product_tag?post=3348"}],"curies":[{"name":"wp","href":"https:\/\/api.w.org\/{rel}","templated":true}]}}

Explosão amarela

<p>Neste óleo abstrato sobre tábua, Manuel Viola cria uma composição dinâmica e intensa com um fundo preto profundo, contra uma erupção de amarelo vibrante, vermelho e branco, evocando a sua capacidade única de canalizar a emoção crua através da cor e da forma. A explosão de cor sugere a pincelada caótica e enérgica caraterística do seu estilo informalista, que reflecte o seu envolvimento com a vanguarda espanhola e as suas raízes surrealistas. Esta peça incorpora a sua evolução do trabalho figurativo inicial para o expressionismo abstrato que definiu a sua carreira, ressoando com a força gestual e a intensidade do movimento tachismo, ao mesmo tempo que ecoa a sua exploração da profundidade emocional e da experiência humana.</p>

<p>Neste óleo abstrato sobre tábua, a composição intensa e dinâmica de Manuel Viola de amarelos, vermelhos e brancos vibrantes sobre um fundo preto profundo capta a energia emocional crua e a pincelada caótica emblemática da sua evolução do Surrealismo para o Expressionismo Abstrato.</p>
