{"id":4382,"date":"2025-03-27T12:51:58","date_gmt":"2025-03-27T12:51:58","guid":{"rendered":"http:\/\/madameflihan.com\/?post_type=product&#038;p=4382"},"modified":"2025-03-27T13:01:29","modified_gmt":"2025-03-27T13:01:29","slug":"pastagens-vale-de-ambles","status":"publish","type":"product","link":"https:\/\/madameflihan.com\/pt\/product\/pastures-valley-of-ambles\/","title":{"rendered":"Pastagens, Vale de Ambles"},"content":{"rendered":"<p>Em <em>Pastagens, Vale de Ambles<\/em>Em Manolo Cano, o trabalho silencioso do campo \u00e9 sintetizado, onde as figuras envolvidas na recolha de feno n\u00e3o s\u00e3o simplesmente parte da cena, mas tornam-se parte integrante da pr\u00f3pria paisagem. As pinceladas, texturadas e deliberadas, evocam uma sensa\u00e7\u00e3o de movimento e objetivo, mas tamb\u00e9m sugerem uma liga\u00e7\u00e3o mais profunda e introspectiva entre as figuras e a terra em que trabalham. A utiliza\u00e7\u00e3o de tons de terra e o subtil jogo de luz e sombra por Cano conferem uma qualidade meditativa \u00e0 obra, esbatendo as linhas entre o ato f\u00edsico do trabalho e o peso emocional da tradi\u00e7\u00e3o.<\/p>","protected":false},"excerpt":{"rendered":"<p>Em Pastures, Valley of Ambles, Manolo Cano capta o trabalho silencioso do campo, misturando pinceladas texturadas, tons de terra e um subtil jogo de luz para evocar uma liga\u00e7\u00e3o mais profunda entre as figuras e a terra, transformando o ato de recolher o feno numa reflex\u00e3o meditativa sobre a tradi\u00e7\u00e3o e a passagem do tempo.<\/p>","protected":false},"featured_media":4379,"comment_status":"open","ping_status":"closed","template":"","meta":{"_acf_changed":false,"_et_pb_use_builder":"","_et_pb_old_content":"","_et_gb_content_width":""},"product_brand":[],"product_cat":[43],"product_tag":[],"class_list":["post-4382","product","type-product","status-publish","has-post-thumbnail","product_cat-painting","pa_art-genre-fine-art","pa_art-movement-contemporary","pa_art-movement-post-modernism","pa_availability-available-for-sale","pa_availability-available-for-viewing-by-appointment","pa_color-palette-earth-tones","pa_color-palette-multi-color","pa_color-palette-warm-tones","pa_cultural-origin-european","pa_exhibition-status-available-for-exhibition","pa_location-available-for-shipping-worldwide","pa_medium-oil-on-canvas","pa_size-small-under-30-cm","pa_special-features-includes-certificate-of-authenticity","pa_special-features-limited-edition","pa_special-features-one-of-a-kind","pa_special-features-signed-by-artist","pa_style-figurative","pa_style-realism","pa_theme-figurative","pa_theme-landscape","pa_theme-nature","pa_theme-rural","first","instock","taxable","shipping-taxable","product-type-simple"],"acf":[],"_links":{"self":[{"href":"https:\/\/madameflihan.com\/pt\/wp-json\/wp\/v2\/product\/4382","targetHints":{"allow":["GET"]}}],"collection":[{"href":"https:\/\/madameflihan.com\/pt\/wp-json\/wp\/v2\/product"}],"about":[{"href":"https:\/\/madameflihan.com\/pt\/wp-json\/wp\/v2\/types\/product"}],"replies":[{"embeddable":true,"href":"https:\/\/madameflihan.com\/pt\/wp-json\/wp\/v2\/comments?post=4382"}],"wp:featuredmedia":[{"embeddable":true,"href":"https:\/\/madameflihan.com\/pt\/wp-json\/wp\/v2\/media\/4379"}],"wp:attachment":[{"href":"https:\/\/madameflihan.com\/pt\/wp-json\/wp\/v2\/media?parent=4382"}],"wp:term":[{"taxonomy":"product_brand","embeddable":true,"href":"https:\/\/madameflihan.com\/pt\/wp-json\/wp\/v2\/product_brand?post=4382"},{"taxonomy":"product_cat","embeddable":true,"href":"https:\/\/madameflihan.com\/pt\/wp-json\/wp\/v2\/product_cat?post=4382"},{"taxonomy":"product_tag","embeddable":true,"href":"https:\/\/madameflihan.com\/pt\/wp-json\/wp\/v2\/product_tag?post=4382"}],"curies":[{"name":"wp","href":"https:\/\/api.w.org\/{rel}","templated":true}]}}

<p>Em <em>Pastagens, Vale de Ambles</em>Em Manolo Cano, o trabalho silencioso do campo é sintetizado, onde as figuras envolvidas na recolha de feno não são simplesmente parte da cena, mas tornam-se parte integrante da própria paisagem. As pinceladas, texturadas e deliberadas, evocam uma sensação de movimento e objetivo, mas também sugerem uma ligação mais profunda e introspectiva entre as figuras e a terra em que trabalham. A utilização de tons de terra e o subtil jogo de luz e sombra por Cano conferem uma qualidade meditativa à obra, esbatendo as linhas entre o ato físico do trabalho e o peso emocional da tradição.</p>

<p>Em Pastures, Valley of Ambles, Manolo Cano capta o trabalho silencioso do campo, misturando pinceladas texturadas, tons de terra e um subtil jogo de luz para evocar uma ligação mais profunda entre as figuras e a terra, transformando o ato de recolher o feno numa reflexão meditativa sobre a tradição e a passagem do tempo.</p>
