{"id":5969,"date":"2025-12-20T13:36:23","date_gmt":"2025-12-20T13:36:23","guid":{"rendered":"https:\/\/madameflihan.com\/?post_type=product&#038;p=5969"},"modified":"2025-12-29T13:18:39","modified_gmt":"2025-12-29T13:18:39","slug":"piero-della-francesca","status":"publish","type":"product","link":"https:\/\/madameflihan.com\/pt\/product\/piero-della-francesca\/","title":{"rendered":"Piero Della Francesca"},"content":{"rendered":"<p>Piero della Francesca (1995) \u00e9 uma cativante obra de t\u00e9cnica mista que combina magistralmente abstra\u00e7\u00e3o, textura e profundidade, onde linhas finas e tra\u00e7os subtis s\u00e3o dispostos em camadas ao longo da pintura, sugerindo um processo de constru\u00e7\u00e3o cuidadoso que revela precis\u00e3o e intencionalidade. Embora os serenos tons de cinzento e branco dominem a pe\u00e7a, esta cria uma atmosfera harmoniosa que convida \u00e0 reflex\u00e3o. Quase totalmente coberta por uma camada de resina, a tela apresenta uma proeminente gota de resina na parte inferior, servindo como um elemento de base que acrescenta um toque elegante \u00e0 composi\u00e7\u00e3o. Um c\u00edrculo vermelho marcante proporciona um contraste ousado com o fundo suave. Atrav\u00e9s desta sofisticada mistura de materiais e t\u00e9cnicas, o artista criou uma pe\u00e7a visualmente marcante e concetualmente intrigante que convida os espectadores a explorar as suas superf\u00edcies matizadas e a contemplar as suas formas abstractas.<\/p>","protected":false},"excerpt":{"rendered":"<p>Uma obra abstrata de meios mistos dominada por tons serenos de cinzento e branco, linhas em camadas e resina, a pe\u00e7a transmite precis\u00e3o, profundidade e um estado de esp\u00edrito reflexivo.<br \/>\nUm c\u00edrculo vermelho arrojado e uma gota de resina de base contrastam com o fundo subtil, convidando os espectadores a contemplar as suas superf\u00edcies e formas matizadas.<\/p>","protected":false},"featured_media":5972,"comment_status":"open","ping_status":"closed","template":"","meta":{"_acf_changed":false,"_et_pb_use_builder":"","_et_pb_old_content":"","_et_gb_content_width":""},"product_brand":[],"product_cat":[43],"product_tag":[],"class_list":["post-5969","product","type-product","status-publish","has-post-thumbnail","product_cat-painting","pa_art-genre-conceptual-art","pa_art-movement-contemporary","pa_color-palette-multi-color","pa_location-available-for-local-pickup-r-marques-de-pombal-2-loja-b-lagoa-portugal","pa_location-available-for-shipping-worldwide","pa_medium-mixed-media-on-canvas","pa_size-large-100-cm-200-cm","pa_style-abstract","first","instock","taxable","shipping-taxable","purchasable","product-type-simple"],"acf":[],"_links":{"self":[{"href":"https:\/\/madameflihan.com\/pt\/wp-json\/wp\/v2\/product\/5969","targetHints":{"allow":["GET"]}}],"collection":[{"href":"https:\/\/madameflihan.com\/pt\/wp-json\/wp\/v2\/product"}],"about":[{"href":"https:\/\/madameflihan.com\/pt\/wp-json\/wp\/v2\/types\/product"}],"replies":[{"embeddable":true,"href":"https:\/\/madameflihan.com\/pt\/wp-json\/wp\/v2\/comments?post=5969"}],"wp:featuredmedia":[{"embeddable":true,"href":"https:\/\/madameflihan.com\/pt\/wp-json\/wp\/v2\/media\/5972"}],"wp:attachment":[{"href":"https:\/\/madameflihan.com\/pt\/wp-json\/wp\/v2\/media?parent=5969"}],"wp:term":[{"taxonomy":"product_brand","embeddable":true,"href":"https:\/\/madameflihan.com\/pt\/wp-json\/wp\/v2\/product_brand?post=5969"},{"taxonomy":"product_cat","embeddable":true,"href":"https:\/\/madameflihan.com\/pt\/wp-json\/wp\/v2\/product_cat?post=5969"},{"taxonomy":"product_tag","embeddable":true,"href":"https:\/\/madameflihan.com\/pt\/wp-json\/wp\/v2\/product_tag?post=5969"}],"curies":[{"name":"wp","href":"https:\/\/api.w.org\/{rel}","templated":true}]}}

<p>Piero della Francesca (1995) é uma cativante obra de técnica mista que combina magistralmente abstração, textura e profundidade, onde linhas finas e traços subtis são dispostos em camadas ao longo da pintura, sugerindo um processo de construção cuidadoso que revela precisão e intencionalidade. Embora os serenos tons de cinzento e branco dominem a peça, esta cria uma atmosfera harmoniosa que convida à reflexão. Quase totalmente coberta por uma camada de resina, a tela apresenta uma proeminente gota de resina na parte inferior, servindo como um elemento de base que acrescenta um toque elegante à composição. Um círculo vermelho marcante proporciona um contraste ousado com o fundo suave. Através desta sofisticada mistura de materiais e técnicas, o artista criou uma peça visualmente marcante e concetualmente intrigante que convida os espectadores a explorar as suas superfícies matizadas e a contemplar as suas formas abstractas.</p>

<p>Uma obra abstrata de meios mistos dominada por tons serenos de cinzento e branco, linhas em camadas e resina, a peça transmite precisão, profundidade e um estado de espírito reflexivo.<br />
Um círculo vermelho arrojado e uma gota de resina de base contrastam com o fundo subtil, convidando os espectadores a contemplar as suas superfícies e formas matizadas.</p>
