{"id":919,"date":"2024-12-12T12:07:19","date_gmt":"2024-12-12T11:07:19","guid":{"rendered":"http:\/\/madameflihan.com\/?post_type=product&#038;p=919"},"modified":"2025-12-29T18:51:42","modified_gmt":"2025-12-29T18:51:42","slug":"ligacoes-ocultas","status":"publish","type":"product","link":"https:\/\/madameflihan.com\/pt\/product\/hidden-connections\/","title":{"rendered":"Liga\u00e7\u00f5es ocultas"},"content":{"rendered":"<p>Composi\u00e7\u00e3o em acr\u00edlico de Hern\u00e1n Garc\u00eda, que explora frequentemente as fronteiras entre a individualidade e a experi\u00eancia colectiva. A utiliza\u00e7\u00e3o de carater\u00edsticas faciais repetidas cria uma sensa\u00e7\u00e3o de unidade e continuidade na sua obra, refor\u00e7ando a ideia de que as suas figuras existem num dom\u00ednio emocional ou existencial partilhado. A composi\u00e7\u00e3o da pe\u00e7a convida o espetador a considerar n\u00e3o s\u00f3 o que \u00e9 imediatamente vis\u00edvel, mas tamb\u00e9m as liga\u00e7\u00f5es mais profundas e invis\u00edveis que unem as pessoas. Esta presen\u00e7a oculta pode simbolizar temas como a oculta\u00e7\u00e3o, o inconsciente ou a interconex\u00e3o entre indiv\u00edduos. Garc\u00eda utiliza frequentemente estes elementos para sugerir que as pessoas transportam aspectos invis\u00edveis de si pr\u00f3prias - hist\u00f3rias, influ\u00eancias ou rela\u00e7\u00f5es ocultas - que moldam a sua identidade e intera\u00e7\u00f5es.<\/p>","protected":false},"excerpt":{"rendered":"<p>A composi\u00e7\u00e3o em acr\u00edlico de Hern\u00e1n Garc\u00eda explora as fronteiras entre a individualidade e a experi\u00eancia colectiva, utilizando carater\u00edsticas faciais repetidas para sugerir liga\u00e7\u00f5es mais profundas e invis\u00edveis que unem as pessoas e moldam a sua identidade.<\/p>","protected":false},"featured_media":2689,"comment_status":"open","ping_status":"closed","template":"","meta":{"_acf_changed":false,"_et_pb_use_builder":"","_et_pb_old_content":"","_et_gb_content_width":""},"product_brand":[],"product_cat":[43],"product_tag":[],"class_list":["post-919","product","type-product","status-publish","has-post-thumbnail","product_cat-painting","pa_art-genre-fine-art","pa_art-movement-contemporary","pa_art-movement-post-modernism","pa_availability-available-for-sale","pa_availability-available-for-viewing-by-appointment","pa_color-palette-earth-tones","pa_color-palette-multi-color","pa_cultural-origin-european","pa_exhibition-status-available-for-exhibition","pa_location-available-for-local-pickup","pa_location-available-for-shipping-worldwide","pa_medium-acrylic-on-paper","pa_size-medium-30-cm-100-cm","pa_special-features-framed","pa_special-features-includes-certificate-of-authenticity","pa_special-features-limited-edition","pa_special-features-one-of-a-kind","pa_special-features-signed-by-artist","pa_style-contemporary","pa_style-figurative","pa_theme-figurative","first","instock","taxable","shipping-taxable","purchasable","product-type-simple"],"acf":[],"_links":{"self":[{"href":"https:\/\/madameflihan.com\/pt\/wp-json\/wp\/v2\/product\/919","targetHints":{"allow":["GET"]}}],"collection":[{"href":"https:\/\/madameflihan.com\/pt\/wp-json\/wp\/v2\/product"}],"about":[{"href":"https:\/\/madameflihan.com\/pt\/wp-json\/wp\/v2\/types\/product"}],"replies":[{"embeddable":true,"href":"https:\/\/madameflihan.com\/pt\/wp-json\/wp\/v2\/comments?post=919"}],"wp:featuredmedia":[{"embeddable":true,"href":"https:\/\/madameflihan.com\/pt\/wp-json\/wp\/v2\/media\/2689"}],"wp:attachment":[{"href":"https:\/\/madameflihan.com\/pt\/wp-json\/wp\/v2\/media?parent=919"}],"wp:term":[{"taxonomy":"product_brand","embeddable":true,"href":"https:\/\/madameflihan.com\/pt\/wp-json\/wp\/v2\/product_brand?post=919"},{"taxonomy":"product_cat","embeddable":true,"href":"https:\/\/madameflihan.com\/pt\/wp-json\/wp\/v2\/product_cat?post=919"},{"taxonomy":"product_tag","embeddable":true,"href":"https:\/\/madameflihan.com\/pt\/wp-json\/wp\/v2\/product_tag?post=919"}],"curies":[{"name":"wp","href":"https:\/\/api.w.org\/{rel}","templated":true}]}}

Ligações ocultas

<p>Composição em acrílico de Hernán García, que explora frequentemente as fronteiras entre a individualidade e a experiência colectiva. A utilização de caraterísticas faciais repetidas cria uma sensação de unidade e continuidade na sua obra, reforçando a ideia de que as suas figuras existem num domínio emocional ou existencial partilhado. A composição da peça convida o espetador a considerar não só o que é imediatamente visível, mas também as ligações mais profundas e invisíveis que unem as pessoas. Esta presença oculta pode simbolizar temas como a ocultação, o inconsciente ou a interconexão entre indivíduos. García utiliza frequentemente estes elementos para sugerir que as pessoas transportam aspectos invisíveis de si próprias - histórias, influências ou relações ocultas - que moldam a sua identidade e interações.</p>

<p>A composição em acrílico de Hernán García explora as fronteiras entre a individualidade e a experiência colectiva, utilizando caraterísticas faciais repetidas para sugerir ligações mais profundas e invisíveis que unem as pessoas e moldam a sua identidade.</p>
